(j). Suppose 467 = 3*h + 5*d, -5*h + 2*d - 433 + y = 0. Is h a prime number?
False
Suppose -3*p - 6 = -2*o + 9, 0 = -2*o + p + 9. Suppose -o*v = -3849 - 2310. Is v a composite number?
False
Let w(b) = -b + 11. Suppose 0*i + 14 = 3*m - i, -3*i = -2*m. Let g be w(m). Suppose -q + 4*l = -541, 0 = g*q + l - 5*l - 2705. Is q composite?
False
Let l be ((-663)/(-2))/((-3)/4). Let x = 3 - l. Is x a composite number?
True
Let x(h) = 612*h**3 + 2*h + 1. Let g be x(-1). Let t = 534 - g. Is t composite?
True
Let k = -11114 + 16165. Is k a composite number?
False
Let n = 1709 + -1025. Suppose 2*l = 1322 + n. Is l composite?
True
Suppose 5*r - 12161 = -4*h, 12*r - 5*h = 11*r + 2409. Is r a composite number?
True
Let s(a) = -15*a**3 - 3*a**2 - 5*a - 2. Let r be s(4). Let n = 2831 + r. Is n composite?
False
Suppose -5*d - 7 = -2. Let r(s) = s + 2*s**2 + 0*s + 0*s - 2*s. Is r(d) composite?
False
Let y = -45 - -27. Suppose 5*v + 10 = -5*d, 4*v + 5 - 37 = 4*d. Is (v/2)/(y/(-660)) composite?
True
Let l = 17 - 17. Suppose -h + 5*q + 559 = l, -2*h - q = -0*h - 1118. Is h a prime number?
False
Suppose 58 = 3*w - 20. Suppose -25*p = -20*p - 135. Let i = w + p. Is i composite?
False
Let p(k) = -2 + 23*k + 18*k + 4*k**2 - 44*k - 1 + 5*k**3. Let q = 6 + -1. Is p(q) composite?
True
Suppose 0 = -4*m - 3*g + 578 - 1500, 0 = 2*m - g + 456. Let h be 6/(54/(-105))*12. Let r = h - m. Is r a composite number?
False
Let v(y) = -y**3 - 6*y**2 + 6*y - 2. Let a be v(-7). Suppose -5*k + a = -5*q, 2*k + 2*q - 10 + 0 = 0. Suppose k*m - 122 = 187. Is m a prime number?
True
Let p(v) = -71754*v - 13. Is p(-1) a composite number?
False
Let g(b) = -4 - 2 - 2*b - 5. Let c be g(-8). Suppose -119 - 66 = -c*v. Is v composite?
False
Suppose -u + 26 = -3*k, -2*k - 2 = -k + 3*u. Let n be 0*(k/(-6))/(-4). Suppose 2*w - 102 - 28 = n. Is w a composite number?
True
Let o = -4089 - -12148. Is o a prime number?
True
Let i(j) = 162 + 4*j + 116 - 335 + 2*j**2. Is i(34) composite?
True
Suppose 2*k - 3*q = 48701 + 24980, -3*k - 3*q + 110544 = 0. Is k composite?
True
Let y = 20 + -16. Suppose 1721 = 2*k - 5*v, -k - y*k - 3*v + 4256 = 0. Is k a composite number?
False
Let c = -281 - -4392. Is c a composite number?
False
Let c = 23 - 14. Let d(k) = k**2 - 10*k + 9. Let h be d(c). Suppose 5*u + h*u - 2*z - 149 = 0, 6 = 2*z. Is u a prime number?
True
Let f(g) = -12*g**3 + 9*g**2 - 4*g - 10. Let z be f(5). Let i = z - -2258. Is i a composite number?
False
Suppose 204*k - 210*k + 16374 = 0. Is k a prime number?
True
Let w = -2013 - -6873. Suppose 6*a + w = a. Let c = -553 - a. Is c composite?
False
Let h(c) = -2*c**3 + 9*c**2 - 10*c - 3. Let u be h(11). Let y = -917 - u. Is y a prime number?
True
Suppose 6*j - 3*j = 5*x + 28736, -4*j = -3*x - 38333. Is j a composite number?
False
Let w(g) = 3*g + 235. Let c = -61 - -61. Is w(c) composite?
True
Suppose h - 21 = -18. Suppose -3675 = -4*r + f, -2*r - h*f + 922 = -r. Is r composite?
False
Suppose 0 = -9*s - 7*s + 288. Let t(x) = -x**3 + 23*x**2 + 6*x - 19. Is t(s) a prime number?
True
Let n(c) = 6 - 5 + c - 36*c**2 + 2*c. Let b be n(3). Is (1 - (-6)/(-4))*b composite?
False
Let x be ((-3)/(-6) - 1)*-12. Suppose -39*w = -38*w - 5. Suppose -5*y - w*g + 120 = 0, 2*y - 2*g = x*y - 90. Is y prime?
False
Let g be ((-275)/(-20))/((-2)/(-8)). Is (-2)/((-30)/111)*g prime?
False
Suppose -30*w - 121749 + 961659 = 0. Is w a prime number?
True
Let b(d) = -2*d - 5. Let s be b(9). Let f = s + 17. Is 2*((-855)/f - -1) prime?
False
Let k(b) = 80*b + 51. Suppose 5*c = 4*a + 3*c - 28, -6 = -3*c. Is k(a) prime?
True
Let y = 6535 + -4483. Let j = -209 + y. Is j composite?
True
Suppose -w = -50*w + 4534999. Is w a composite number?
False
Let c(t) be the first derivative of 849*t**2/2 + 37*t - 48. Is c(14) prime?
True
Let b = 1 - -2. Suppose -h + 4*s - 85 = 0, h - 2 = b*s - 83. Is 3 + -5 + 4 - h a prime number?
True
Let n(j) = j**2 - 3. Suppose 9 = -3*r + 5*r + 5*h, 3*h - 24 = 5*r. Let k be n(r). Is (6/(-8))/(k/(-120)) a prime number?
False
Suppose 147 = -30*n + 14517. Is n prime?
True
Let r be 2/(-13) - (-7)/((-637)/(-11935)). Suppose -127*a - 1828 = -r*a. Is a composite?
False
Suppose 4*j = -3*l + 9, 0 = 2*j - 3*j - 3. Let k(x) = 18*x + 2 - l + 0 + 5*x. Is k(4) a prime number?
False
Suppose 559 = s - 175. Suppose -3*p + s = -p. Suppose -p - 525 = -4*o. Is o composite?
False
Let u = 2 - 10. Let i be (u/(-2))/(4/6). Let y = 17 + i. Is y a prime number?
True
Suppose -2*h + 50 = -h. Let u be (-1)/((-2)/12*2). Suppose -w - 2*q = -11 - h, -u = -q. Is w a composite number?
True
Suppose -5*y = -3*j + 322, -2*y - 543 = -0*j - 5*j. Let u be (900/(0 - 3))/(-1). Let b = u - j. Is b composite?
False
Let s(p) = -8327*p - 57. Is s(-2) prime?
False
Suppose -2*f = -20*f + 16542. Is f a composite number?
False
Suppose -59*g + 56*g = -90879. Is g prime?
True
Suppose 2*r - 1568 - 1664 = 0. Let t = r + -940. Suppose -6*a = -2032 + t. Is a prime?
False
Is (-3)/(2/((-431888)/6)*4) prime?
True
Let y = 5372 - -755. Is y a prime number?
False
Suppose 4*p + 791 = -345. Let x(h) = 34*h + 9. Let m be x(-6). Let r = m - p. Is r prime?
True
Let p be (7824/(-18))/(2/(-6)). Suppose -4*d + p + 3092 = 0. Is d composite?
True
Let v be 2 - (-1 - (-2 - -2)). Let j(m) = 2*m. Let w be j(v). Let p(b) = -2*b**3 + 14*b**2 + 4*b + 7. Is p(w) a prime number?
True
Let o(a) = a**3 + 11*a**2 - 23*a + 9. Let y be o(16). Suppose 0 = 10*v + 743 - y. Is v composite?
True
Let r = -16898 + 60609. Is r composite?
False
Let p = 18 - 15. Suppose -3 - 1 = -2*m, -p*n + m + 703 = 0. Is n a prime number?
False
Let n(f) = -11*f - 18. Let r be n(-11). Let m = r - -546. Is m a composite number?
True
Let w(s) = -7*s**3 + 7*s**2 - s + 9. Is w(-6) a prime number?
False
Suppose 0*g - 4*i = g + 4, -5*i = 5*g - 10. Suppose 0 = k + 3*u - 1773 + 209, -g*u = -k + 1571. Is k a prime number?
True
Suppose 0 = -3*g - 3*h + 18864, -2*g - 3*h + 6805 = -5770. Is g composite?
True
Suppose r + 2021 = -5*t, 3*t + 585 = -4*r - 631. Let o = -901 + 1516. Let k = t + o. Is k a composite number?
False
Let v = -12 + 19. Suppose v*q = 4*q. Suppose q*y + 743 = y. Is y a prime number?
True
Is (142255/(-10))/(-3*8/48) a prime number?
False
Let c(h) = -2 - 7 - 4*h - 7*h**2 + 3*h**3 + 18*h + 0*h. Is c(6) prime?
False
Suppose 31 = c - 1. Let x = 99 - c. Is x a composite number?
False
Is 5*(125661/15)/1 a prime number?
True
Let v(m) = 12 - 23 + 9 - 836*m - 656*m. Let k be v(-1). Is (k/1)/(7 - 5) prime?
False
Let a(l) = -87*l + 42 - 2*l - 35. Is a(-6) composite?
False
Let m = -11 + 13. Is 403 + (3 - (-2)/m) prime?
False
Let j be (3 - 3)*2/2. Suppose j = 2*b - 6*b + 8. Is b/4*(4 - -126) prime?
False
Let d(z) = -4*z - 41. Let s be d(-17). Let g(w) = 9*w + 1. Let n be g(-1). Let i = s + n. Is i composite?
False
Suppose -3*a = b - 14, 16 = -3*a + 6*b - b. Suppose 0 = -f - 3*u + 3, -2*f + 5*u = -a*f + 1. Is (-336)/(-13) + f/39 prime?
False
Let m(y) = 98*y**2 - 211*y - 19. Is m(-16) prime?
False
Let c(i) = -i + 21. Let q be c(23). Is ((-27412)/26)/q + (-4)/26 composite?
True
Let i be ((-117)/36)/(1/(-4)). Is (i/13)/((-2)/(-11558)) composite?
False
Suppose -6*c + 70 = -c. Suppose 0*g = -g + 4*v - c, 23 = -4*g + 5*v. Is (-1 + -316 - -3)/g a prime number?
True
Let f be 56/(-20) + (-2)/10. Let t be ((-24)/(-20))/(f/80). Let x = t + 66. Is x a composite number?
True
Let d = -124 + 176. Suppose i - 2*i + o = -12, 3*o + d = 5*i. Suppose -6*b + i*b - 238 = 0. Is b a composite number?
True
Let r(j) = j**3 + 7*j**2 + 7*j + 2. Let p be r(-6). Let n be p/6 + (-7354)/(-6). Let a = n - 828. Is a prime?
True
Let d = 684 - 422. Suppose -4*q + 279 - 682 = -3*o, -2*o + 4*q + d = 0. Let p = o - 64. Is p prime?
False
Let y = 3535 - -5184. Is y a prime number?
True
Suppose 0 = -5*h - 5, -2*z + h = -3*z + 2256. Is z a prime number?
False
Let m(w) = -w**3 + 8*w**2 - 15. Let r be m(8). Let l(k) = -10*k - 7. Is l(r) prime?
False
Suppose -12655 = -5*s + 12780. Suppose s = 6*p + 1061. Is p a prime number?
False
Suppose 5*y + a - 4*a = -11, -4*a + 7 = y. Let v be -2928 - (y + 12/4). Is (-3)/2*v/15 composite?
False
Suppose 6*y - 901 = 713. Is y prime?
True
Let m = 7979 - -10574. Is m prime?
True
Let n be (-6)/(-5)*50/15. Suppose n*s = -798 + 2282. Is s a composite number?
True
Suppose 8*v = 3654 + 16778. Is v pri